 h(-6)?
19
Let l = 112 + -106. Calculate the remainder when 842/18 + 6/27 is divided by l.
5
Let j(o) = -27*o - 89. What is the remainder when 140 is divided by j(-4)?
7
Suppose 5*v = 3*l + 600, 8*v - 4*v + 2*l = 458. Calculate the remainder when v is divided by 12.
9
Let m(i) = 9*i**2 + 16*i - 8 + 8*i**2 + 9*i**3 - i - 8*i**3. Calculate the remainder when 12 is divided by m(-16).
4
What is the remainder when 37 - -13 - (-3 - (2 + -1)) is divided by 14?
12
Calculate the remainder when 1/((-2)/(-4))*(-1130)/(-20) is divided by 20.
13
Suppose 17 = 3*i - 7. Let m be (-18 - -1)/(i/(-8)). Suppose v + m = 2*v. Calculate the remainder when 32 is divided by v.
15
Let r be -8*-2*(-1 - -2). Suppose -r = -k + 14. Suppose 3*f = q + 61, -f - 2*q + k = f. Calculate the remainder when f is divided by 5.
4
Let i = 454 - 352. Calculate the remainder when i is divided by 22.
14
Suppose 4*d - 24 = 72. Suppose -x + 0 = -13. What is the remainder when d is divided by x?
11
Suppose 7*z - 3*z + m - 461 = 0, -3*z + 342 = 2*m. Calculate the remainder when z is divided by 20.
16
Suppose -4*f = -3*f - 3, 4*s + f - 1043 = 0. Suppose s = 9*w + w. What is the remainder when w is divided by 14?
12
Calculate the remainder when 1419/198*(-1 + (-7)/(-1)) is divided by 15.
13
Suppose i = 2*i. Suppose -4*u + 0*n + n - 32 = i, -49 = 5*u + n. Calculate the remainder when (u/(-3))/(6/110) is divided by 14.
13
Let h be ((-1 - -1) + -59)/(-1). Suppose 0 = 63*f - h*f - 92. What is the remainder when f is divided by 8?
7
Let y = -67 + 94. Suppose 0*v = -6*v - 78. Let k = v - -23. What is the remainder when y is divided by k?
7
Let n(q) = -q**2 - 11*q + 5. Let t be n(-11). Suppose t*c - 95 = 5*h, -4*h - 5 = -1. Calculate the remainder when c is divided by 10.
8
Suppose 14 = 2*o - 0. Let g = -193 - -211. What is the remainder when g is divided by o?
4
Let c = -8 + -2. Let a(z) = 6*z**3 + 4*z + 6 - 5*z**2 - 5 - 7*z**3 - 4*z**2. What is the remainder when a(c) is divided by 21?
19
Let k = 1874 + -1861. Let a = 10 + 39. Calculate the remainder when a is divided by k.
10
Let m = -6 - -11. Suppose 0 = -4*x + 3*x - o + 12, -m*x = 4*o - 65. Calculate the remainder when (0 - x/(-2))*2 is divided by 7.
3
Let y(g) = -g**3 - 8*g**2 - 3*g - 4. Let i be y(-8). Calculate the remainder when 3*((-92)/(-6) - 1) is divided by 225/i - (-2)/(-8).
10
Let d = 24 - -12. Calculate the remainder when d is divided by 20.
16
Suppose h = 5*h - 212. Suppose 24 = 2*b + 4*v, -3*b - 3*v = -v - 20. Calculate the remainder when h is divided by 32 + (2 + -3)*b.
25
Let o = 36630 + -36627. Calculate the remainder when (((-26)/(-1))/(-2))/(-1) is divided by o.
1
Calculate the remainder when ((-304)/(-24))/((-4)/(-24)) is divided by 16.
12
Suppose -23 + 63 = 5*t. Let s = 6 + -5. Calculate the remainder when (-2)/s - (7 - 22) is divided by t.
5
Let w(q) = 131*q - 51. What is the remainder when 239 is divided by w(1)?
79
Let f = 1453 - 905. Calculate the remainder when f is divided by 55.
53
Let j(s) = 18*s - 765. Calculate the remainder when 236 is divided by j(46).
47
What is the remainder when ((-4)/6)/2 - (-193)/3 is divided by 22?
20
Suppose 0 = 12*f - 3*f - 351. Let h(c) = -7*c - 1. Let g be h(-1). Suppose 36 = 3*d - g. What is the remainder when f is divided by d?
11
Suppose 5*l = 25, 0 = -5*v + l + 70 + 70. Let s = -12 - -22. What is the remainder when v is divided by s?
9
Suppose -2*i = -7*i - 20. Let m(v) = -8 - 2*v**2 - v**2 - v - v + 21*v**3 - 22*v**3. What is the remainder when 29 is divided by m(i)?
13
Suppose 1 - 2 = -x. Let g(f) = 3*f**2 - 1. Let n be g(1). Suppose n*d - 7 = -2*i + 7, -4*i + 23 = 3*d. Calculate the remainder when i is divided by x.
0
Suppose -3*n = -3*b, 0*b = -4*n - 2*b + 12. Suppose n*o - 27 = -2*w - 3*o, 3*o - 33 = -4*w. Suppose 53 + w = q. What is the remainder when q is divided by 20?
19
Calculate the remainder when 122748/689 + 2 + 56/(-26) is divided by 45.
43
Let g(s) = -s**3 + 10*s**2 - 5*s + 7. What is the remainder when g(6) is divided by 9?
4
Suppose 2*l + 30 = 5*g - 3*l, 30 = 5*g + 2*l. Suppose 0 = x - g*x + 15. Calculate the remainder when 7 is divided by x.
1
Suppose -10*b + 11*b = 2. Suppose 4*t + 5*g - 108 = -0*t, 2*t - b*g = 36. Calculate the remainder when 42 is divided by t.
20
Let p(t) = -t + 10. Let q be p(3). Let n(d) = d + 3*d + q*d - 3*d - 3. What is the remainder when 114 is divided by n(4)?
27
Let t(k) = 24*k + 197. Calculate the remainder when 72 is divided by t(-8).
2
Suppose 0 = -3*t - c - 10 - 4, 0 = 2*t - 4*c + 14. Let u be 20/t + 0/2. Let m = u + 16. Calculate the remainder when m is divided by 8.
4
Let n(y) = -y + 119. What is the remainder when n(32) is divided by 25?
12
Let x = 91 + 198. Suppose 5*g - v - 283 = 0, 4*v - 2*v - x = -5*g. Let u = 102 + -72. Calculate the remainder when g is divided by u.
27
Let w(n) = -5*n**3 - 2*n**2 + 3*n + 4. What is the remainder when w(-2) is divided by 8?
6
Let v = -12 + 47. Let n = v + -30. What is the remainder when 5 is divided by n?
0
Suppose 0*x - 3*x + 192 = 0. Calculate the remainder when 253 is divided by x.
61
Suppose 2*m - 106 = -4*k, -k + 3*m + 19 = 3. What is the remainder when 147 is divided by k?
22
Let a(n) = n**3 - 4*n**2 + 4*n + 3. Let b be a(5). Calculate the remainder when b + -6 + 2 + -2 is divided by ((-9)/(-6))/(6/44).
9
Let d(a) be the second derivative of -a**5/20 - 2*a**4/3 - a**3/6 + a**2 - 4*a. Let c be d(-6). Let t = c + 98. Calculate the remainder when t is divided by 12.
10
What is the remainder when 6 - (-60)/2 - (-7 - 0) is divided by 38?
5
Suppose 2*k = -0 - 4. Let o be 138*((-3)/k + 0). Suppose -2*w = 69 - o. What is the remainder when w is divided by 24?
21
Suppose 4*m - 40 = -4*h, -15*h + 62 = -10*h + m. Calculate the remainder when 194 is divided by h.
12
Let x = -97 + 91. Let n(v) = v**3 + 6*v**2 - 6*v + 6. What is the remainder when n(x) is divided by 26?
16
Let j(p) = 6*p**2 + 5*p + 25. Calculate the remainder when j(-7) is divided by 26.
24
Let v be (21/12)/(1 + 3/(-4)). Suppose -3*c + v*c = -2*f + 4, 2 = f + 3*c. What is the remainder when 8 is divided by f?
0
Let g = -42 - -47. Suppose 3*h = -g*c + 42, -3*h = h - 3*c - 56. What is the remainder when 49 is divided by h?
7
Suppose -172 = -4*v + 5*p - p, -4*p = 4*v - 188. Suppose -w + v = 4*w. Let x(r) = 32*r**2 - r + 2. Calculate the remainder when x(1) is divided by w.
6
Suppose 222*r = 218*r + 28. Suppose -3*i - i + 4 = 0. Let k = 19 - i. What is the remainder when k is divided by r?
4
Let p(w) = w**3 + w**2 + 20. Calculate the remainder when p(0) is divided by ((-112)/448)/((-3)/132).
9
Let h = -494 - -203. Let f = 578 + h. Let p = f - 160. What is the remainder when p is divided by 32?
31
Let i = -12 + 16. Let s(h) = -4 + 5*h**2 + i - 1. What is the remainder when 36 is divided by s(2)?
17
Let s(w) = 14 - 3*w - 3 + 4*w. What is the remainder when 55 is divided by s(5)?
7
Suppose -3*c - 2*b = -1678, 3*b - 1326 = -2*c - 209. Suppose -9*g = -14*g + c. What is the remainder when g is divided by 23?
20
Let a = 35 - -2. Suppose a = -4*r + 129. Suppose 53 = y - 2*k, 4*y - 72 - 96 = -3*k. What is the remainder when y is divided by r?
22
Let p(h) = -h - 7 + 2*h**2 + 17*h**2 - 10*h**2 + h**3. Let a be p(-9). Suppose -a*v = -g + 17 - 5, -5*v - 16 = g. What is the remainder when 13 is divided by g?
1
Let u = -158 - -257. Calculate the remainder when u is divided by 1255/55 + 2 + (-2)/(-11).
24
Let i be (-816)/(-306)*(1 + (-10)/4). Calculate the remainder when 35 is divided by (-10*11)/(-5) + i.
17
Suppose t = -2*r + 28, 5*t - 68 = 2*t + 2*r. Calculate the remainder when t is divided by 13.
11
Let s(r) = 7*r + 4. Suppose -5*j = -3*v - 16, j - 5*v + 10 = -0*v. Suppose 0 = 2*z + j*u, 2*z + 2*u = 3 + 3. What is the remainder when s(z) is divided by 21?
18
What is the remainder when 10/2*1887/(-185)*6/(-18) is divided by 10/8*(-8)/(-2)?
2
What is the remainder when 113 is divided by ((-28)/(-16) + 2)/((-55)/(-264))?
5
Let l(f) = -1152*f**3 - f. Let m be l(-1). Let n be (-6)/33 + m/(-11). What is the remainder when 59 is divided by (3 - 1)*n/(-10)?
17
Let y = -22 - -27. Suppose -2*a = -d - 10 - 0, 25 = 5*d + 5*a. Let r = 3 - d. What is the remainder when y is divided by r?
2
Suppose 0 = -4*q - f - 4*f - 31, -4*f = -3*q. Let g = 72 + q. What i